{"id":121,"date":"2009-06-06T10:05:50","date_gmt":"2009-06-06T09:05:50","guid":{"rendered":"http:\/\/www.dr-gallitz.de\/?page_id=121"},"modified":"2023-04-03T12:12:49","modified_gmt":"2023-04-03T11:12:49","slug":"krebsvorsorge-fur-manner","status":"publish","type":"page","link":"https:\/\/www.dr-gallitz.de\/?page_id=121","title":{"rendered":"Krebsvorsorge f\u00fcr M\u00e4nner"},"content":{"rendered":"<p>Bei M\u00e4nnern im reiferen Alter vergr\u00f6\u00dfert sich die Vorsteherdr\u00fcse &#8211; auch bekannt als Prostata. Diese Vergr\u00f6\u00dferung ist meist harmlos, f\u00fchrt aber h\u00e4ufig zu Ver\u00e4nderungen in der St\u00e4rke des Harnstrahls und in der Frequenz des Harndranges. In seltenen F\u00e4llen kann es dabei zu einer b\u00f6sartigen Ver\u00e4nderung der Prostata kommen. Um diese (und auch eine Reihe anderer) Krebserkrankungen aufzusp\u00fcren, gibt es diese Untersuchung. Sie wird ab einem Alter von 45 Jahren von den Kassen j\u00e4hrlich empfohlen und bezahlt. Dabei wird die Prostata getastet und es werden Fragen zu typischen Zeichen f\u00fcr eine Reihe b\u00f6sartiger Krankheiten gestellt. <\/p>\n","protected":false},"excerpt":{"rendered":"<p>Bei M\u00e4nnern im reiferen Alter vergr\u00f6\u00dfert sich die Vorsteherdr\u00fcse &#8211; auch bekannt als Prostata. Diese Vergr\u00f6\u00dferung ist meist harmlos, f\u00fchrt aber h\u00e4ufig zu Ver\u00e4nderungen in der St\u00e4rke des Harnstrahls und in der Frequenz des Harndranges. In seltenen F\u00e4llen kann es &hellip; <a href=\"https:\/\/www.dr-gallitz.de\/?page_id=121\">Continue reading <span class=\"meta-nav\">&rarr;<\/span><\/a><\/p>\n","protected":false},"author":1,"featured_media":0,"parent":254,"menu_order":3,"comment_status":"closed","ping_status":"closed","template":"","meta":{"footnotes":""},"class_list":["post-121","page","type-page","status-publish","hentry"],"_links":{"self":[{"href":"https:\/\/www.dr-gallitz.de\/index.php?rest_route=\/wp\/v2\/pages\/121","targetHints":{"allow":["GET"]}}],"collection":[{"href":"https:\/\/www.dr-gallitz.de\/index.php?rest_route=\/wp\/v2\/pages"}],"about":[{"href":"https:\/\/www.dr-gallitz.de\/index.php?rest_route=\/wp\/v2\/types\/page"}],"author":[{"embeddable":true,"href":"https:\/\/www.dr-gallitz.de\/index.php?rest_route=\/wp\/v2\/users\/1"}],"replies":[{"embeddable":true,"href":"https:\/\/www.dr-gallitz.de\/index.php?rest_route=%2Fwp%2Fv2%2Fcomments&post=121"}],"version-history":[{"count":3,"href":"https:\/\/www.dr-gallitz.de\/index.php?rest_route=\/wp\/v2\/pages\/121\/revisions"}],"predecessor-version":[{"id":258,"href":"https:\/\/www.dr-gallitz.de\/index.php?rest_route=\/wp\/v2\/pages\/121\/revisions\/258"}],"up":[{"embeddable":true,"href":"https:\/\/www.dr-gallitz.de\/index.php?rest_route=\/wp\/v2\/pages\/254"}],"wp:attachment":[{"href":"https:\/\/www.dr-gallitz.de\/index.php?rest_route=%2Fwp%2Fv2%2Fmedia&parent=121"}],"curies":[{"name":"wp","href":"https:\/\/api.w.org\/{rel}","templated":true}]}}