{"id":125,"date":"2009-06-06T10:27:22","date_gmt":"2009-06-06T09:27:22","guid":{"rendered":"http:\/\/www.dr-gallitz.de\/?page_id=125"},"modified":"2023-04-03T12:11:56","modified_gmt":"2023-04-03T11:11:56","slug":"disease-managment-programme-dmp","status":"publish","type":"page","link":"https:\/\/www.dr-gallitz.de\/?page_id=125","title":{"rendered":"Disease Managment Programme (DMP)"},"content":{"rendered":"<p>Dies sind Programme, die vom Gesetzgeber aus dem englischsprachigen Ausland \u00fcbernommen worden sind und helfen sollen, Menschen mit chronischen Erkrankungen zu einer besseren Versorgung zu verhelfen.<br \/>\nDazu geh\u00f6ren:<br \/>\nDiabetes mellitus (Typ 1 und 2)<br \/>\nKoronare Herzkrankheit<br \/>\nAsthma bronchiale<br \/>\nChronisch obstruktive Lungenerkrankung<br \/>\n(Brustkrebs &#8211; in unserer Praxis nicht angeboten)<br \/>\nDurch die Teilnahme an einem solchen Programm haben Sie den Vorteil, dass sie (durch uns &#8211; und teilweise auch durch die Kassen) in regelm\u00e4\u00dfigen Abst\u00e4nden (meist 3 Monate) an die Kontrolle wichtiger Werte und Untersuchungen zur Beurteilung Ihrer Erkrankung erinnert werden. Au\u00dferdem gibt es klare Grenzwerte, bei deren Erreichen ein Spezialist eingeschaltet wird. Bei einigen Kassen erhalten Sie bei der Teilnahme an einem der Programme einen Bonus zB in H\u00f6he der Praxisgeb\u00fchr.<br \/>\nWeitere Informationen und Teilnahmeerkl\u00e4rungen erhalten Sie jederzeit in der Praxis.<\/p>\n","protected":false},"excerpt":{"rendered":"<p>Dies sind Programme, die vom Gesetzgeber aus dem englischsprachigen Ausland \u00fcbernommen worden sind und helfen sollen, Menschen mit chronischen Erkrankungen zu einer besseren Versorgung zu verhelfen. Dazu geh\u00f6ren: Diabetes mellitus (Typ 1 und 2) Koronare Herzkrankheit Asthma bronchiale Chronisch obstruktive &hellip; <a href=\"https:\/\/www.dr-gallitz.de\/?page_id=125\">Continue reading <span class=\"meta-nav\">&rarr;<\/span><\/a><\/p>\n","protected":false},"author":1,"featured_media":0,"parent":7,"menu_order":13,"comment_status":"closed","ping_status":"closed","template":"","meta":{"footnotes":""},"class_list":["post-125","page","type-page","status-publish","hentry"],"_links":{"self":[{"href":"https:\/\/www.dr-gallitz.de\/index.php?rest_route=\/wp\/v2\/pages\/125","targetHints":{"allow":["GET"]}}],"collection":[{"href":"https:\/\/www.dr-gallitz.de\/index.php?rest_route=\/wp\/v2\/pages"}],"about":[{"href":"https:\/\/www.dr-gallitz.de\/index.php?rest_route=\/wp\/v2\/types\/page"}],"author":[{"embeddable":true,"href":"https:\/\/www.dr-gallitz.de\/index.php?rest_route=\/wp\/v2\/users\/1"}],"replies":[{"embeddable":true,"href":"https:\/\/www.dr-gallitz.de\/index.php?rest_route=%2Fwp%2Fv2%2Fcomments&post=125"}],"version-history":[{"count":8,"href":"https:\/\/www.dr-gallitz.de\/index.php?rest_route=\/wp\/v2\/pages\/125\/revisions"}],"predecessor-version":[{"id":281,"href":"https:\/\/www.dr-gallitz.de\/index.php?rest_route=\/wp\/v2\/pages\/125\/revisions\/281"}],"up":[{"embeddable":true,"href":"https:\/\/www.dr-gallitz.de\/index.php?rest_route=\/wp\/v2\/pages\/7"}],"wp:attachment":[{"href":"https:\/\/www.dr-gallitz.de\/index.php?rest_route=%2Fwp%2Fv2%2Fmedia&parent=125"}],"curies":[{"name":"wp","href":"https:\/\/api.w.org\/{rel}","templated":true}]}}