{"id":149,"date":"2009-06-13T23:14:08","date_gmt":"2009-06-13T22:14:08","guid":{"rendered":"http:\/\/www.dr-gallitz.de\/?page_id=149"},"modified":"2024-05-17T17:05:54","modified_gmt":"2024-05-17T16:05:54","slug":"ultraschall-der-halsschlagadern","status":"publish","type":"page","link":"https:\/\/www.dr-gallitz.de\/?page_id=149","title":{"rendered":"Ultraschall der Halsschlagadern"},"content":{"rendered":"<p>Da die Halsschlagadern relativ direkt unter der Haut liegen, sind sie besonders gut im Ultraschall zu beurteilen. Hierdurch l\u00e4sst sich der Grad der Verkalkung auch der restlichen Gef\u00e4sse des K\u00f6rpers einsch\u00e4tzen. Dabei wird unter anderem der Flu\u00df in den Adern mittels Umwandlung in Farben und T\u00f6ne beurteilt.<\/p>\n","protected":false},"excerpt":{"rendered":"<p>Da die Halsschlagadern relativ direkt unter der Haut liegen, sind sie besonders gut im Ultraschall zu beurteilen. Hierdurch l\u00e4sst sich der Grad der Verkalkung auch der restlichen Gef\u00e4sse des K\u00f6rpers einsch\u00e4tzen. Dabei wird unter anderem der Flu\u00df in den Adern &hellip; <a href=\"https:\/\/www.dr-gallitz.de\/?page_id=149\">Continue reading <span class=\"meta-nav\">&rarr;<\/span><\/a><\/p>\n","protected":false},"author":1,"featured_media":0,"parent":263,"menu_order":13,"comment_status":"closed","ping_status":"closed","template":"","meta":{"footnotes":""},"class_list":["post-149","page","type-page","status-publish","hentry"],"_links":{"self":[{"href":"https:\/\/www.dr-gallitz.de\/index.php?rest_route=\/wp\/v2\/pages\/149","targetHints":{"allow":["GET"]}}],"collection":[{"href":"https:\/\/www.dr-gallitz.de\/index.php?rest_route=\/wp\/v2\/pages"}],"about":[{"href":"https:\/\/www.dr-gallitz.de\/index.php?rest_route=\/wp\/v2\/types\/page"}],"author":[{"embeddable":true,"href":"https:\/\/www.dr-gallitz.de\/index.php?rest_route=\/wp\/v2\/users\/1"}],"replies":[{"embeddable":true,"href":"https:\/\/www.dr-gallitz.de\/index.php?rest_route=%2Fwp%2Fv2%2Fcomments&post=149"}],"version-history":[{"count":6,"href":"https:\/\/www.dr-gallitz.de\/index.php?rest_route=\/wp\/v2\/pages\/149\/revisions"}],"predecessor-version":[{"id":675,"href":"https:\/\/www.dr-gallitz.de\/index.php?rest_route=\/wp\/v2\/pages\/149\/revisions\/675"}],"up":[{"embeddable":true,"href":"https:\/\/www.dr-gallitz.de\/index.php?rest_route=\/wp\/v2\/pages\/263"}],"wp:attachment":[{"href":"https:\/\/www.dr-gallitz.de\/index.php?rest_route=%2Fwp%2Fv2%2Fmedia&parent=149"}],"curies":[{"name":"wp","href":"https:\/\/api.w.org\/{rel}","templated":true}]}}

<p>Da die Halsschlagadern relativ direkt unter der Haut liegen, sind sie besonders gut im Ultraschall zu beurteilen. Hierdurch lässt sich der Grad der Verkalkung auch der restlichen Gefässe des Körpers einschätzen. Dabei wird unter anderem der Fluß in den Adern mittels Umwandlung in Farben und Töne beurteilt.</p>

<p>Da die Halsschlagadern relativ direkt unter der Haut liegen, sind sie besonders gut im Ultraschall zu beurteilen. Hierdurch lässt sich der Grad der Verkalkung auch der restlichen Gefässe des Körpers einschätzen. Dabei wird unter anderem der Fluß in den Adern &hellip; <a href="https://www.dr-gallitz.de/?page_id=149">Continue reading <span class="meta-nav">&rarr;</span></a></p>
