{"id":186,"date":"2009-06-20T19:34:18","date_gmt":"2009-06-20T18:34:18","guid":{"rendered":"http:\/\/www.dr-gallitz.de\/?page_id=186"},"modified":"2023-04-03T12:13:26","modified_gmt":"2023-04-03T11:13:26","slug":"ultraschall-des-herzens","status":"publish","type":"page","link":"https:\/\/www.dr-gallitz.de\/?page_id=186","title":{"rendered":"Ultraschall des Herzens"},"content":{"rendered":"<p>Hierbei wird das Herz mittels Ultraschall auf seine Funktion getestet. Dabei k\u00f6nnen beispielsweise Krankheiten wie Klappenfehler oder auch eine Herzmuskelvergr\u00f6\u00dferung festgestellt werden.<br \/>\nDiese Untersuchung wird aufgrund meiner Zulassung als Hausarzt von den gesetzlichen Krankenkassen nicht bezahlt. Daher kann ich diese Untersuchung nur f\u00fcr Privatpatienten oder als Igel-Leistung anbieten.<\/p>\n","protected":false},"excerpt":{"rendered":"<p>Hierbei wird das Herz mittels Ultraschall auf seine Funktion getestet. Dabei k\u00f6nnen beispielsweise Krankheiten wie Klappenfehler oder auch eine Herzmuskelvergr\u00f6\u00dferung festgestellt werden. Diese Untersuchung wird aufgrund meiner Zulassung als Hausarzt von den gesetzlichen Krankenkassen nicht bezahlt. Daher kann ich diese &hellip; <a href=\"https:\/\/www.dr-gallitz.de\/?page_id=186\">Continue reading <span class=\"meta-nav\">&rarr;<\/span><\/a><\/p>\n","protected":false},"author":1,"featured_media":0,"parent":263,"menu_order":14,"comment_status":"closed","ping_status":"closed","template":"","meta":{"footnotes":""},"class_list":["post-186","page","type-page","status-publish","hentry"],"_links":{"self":[{"href":"https:\/\/www.dr-gallitz.de\/index.php?rest_route=\/wp\/v2\/pages\/186","targetHints":{"allow":["GET"]}}],"collection":[{"href":"https:\/\/www.dr-gallitz.de\/index.php?rest_route=\/wp\/v2\/pages"}],"about":[{"href":"https:\/\/www.dr-gallitz.de\/index.php?rest_route=\/wp\/v2\/types\/page"}],"author":[{"embeddable":true,"href":"https:\/\/www.dr-gallitz.de\/index.php?rest_route=\/wp\/v2\/users\/1"}],"replies":[{"embeddable":true,"href":"https:\/\/www.dr-gallitz.de\/index.php?rest_route=%2Fwp%2Fv2%2Fcomments&post=186"}],"version-history":[{"count":5,"href":"https:\/\/www.dr-gallitz.de\/index.php?rest_route=\/wp\/v2\/pages\/186\/revisions"}],"predecessor-version":[{"id":269,"href":"https:\/\/www.dr-gallitz.de\/index.php?rest_route=\/wp\/v2\/pages\/186\/revisions\/269"}],"up":[{"embeddable":true,"href":"https:\/\/www.dr-gallitz.de\/index.php?rest_route=\/wp\/v2\/pages\/263"}],"wp:attachment":[{"href":"https:\/\/www.dr-gallitz.de\/index.php?rest_route=%2Fwp%2Fv2%2Fmedia&parent=186"}],"curies":[{"name":"wp","href":"https:\/\/api.w.org\/{rel}","templated":true}]}}